0) + 6 + -2.
10
Calculate 3 - (-2 + -2 + 14) - 0.
-7
What is the value of 10 + 1 + (-9 - -2)?
4
Evaluate (2 - 7) + (4 - (3 + 1)).
-5
(5 - 6) + -3 + 1
-3
What is 8 + (-1 - 4) + -8?
-5
Calculate 12 + -11 + 0 + -10.
-9
Calculate 6 + -15 + 16 - (16 - -1).
-10
What is -7 + (2 - (-2 + -6))?
3
-1 + -1 - -1 - (2 + 1)
-4
What is -7 + 4 - (-2 - (-8 - -5))?
-4
What is the value of 1 - (-2 + 9) - -1?
-5
What is the value of 1 - (19 + 9 + -19)?
-8
What is the value of 1 - -5 - (3 + -5 + 4)?
4
-1 - (3 + (-7 - -3))
0
8 + -4 + (-4 - -5)
5
(0 - -2) + -1 + 0 + 4
5
What is the value of 8 - (15 - 7 - 3) - 12?
-9
Calculate -1 - (6 + -11 - -5 - -6).
-7
What is 9 - (-1 + -1 + 6)?
5
What is the value of -9 + 3 - -11 - 3?
2
Evaluate 6 - (1 - (-2 - -2)).
5
What is the value of 2 - (2 + 1 + 4)?
-5
What is the value of -9 - ((-1 - -3) + (-14 - -9))?
-6
Calculate 0 - -7 - (3 + 0).
4
What is -9 + (-7 - (7 + -21))?
-2
(-4 - -3) + (0 - 3) + 2
-2
What is the value of -9 + -2 + 3 + (3 - 0)?
-5
Evaluate 1 + 7 - (5 + 0 + -6).
9
-3 - (-2 + 1 + (-10 - -12))
-4
What is -2 - (-1 + 4 - (6 - -4))?
5
Calculate -6 - -1 - (-2 + -2).
-1
Evaluate (-7 - -1) + 5 + 0 + -3.
-4
Calculate 8 - (7 + -10 - -12).
-1
Calculate -6 + (3 - 2) + 1 + 11.
7
2 - (-1 + -6 + 13 - 4)
0
21 - 27 - (-6 + 3 - -2)
-5
What is 4 + (-3 - -1 - (42 + -35))?
-5
Calculate 1 - (3 - 0) - (1 - 4).
1
5 + (-4 - (-5 - -1))
5
-2 + 4 - 6 - -1
-3
What is the value of 0 + (1 + -4 - 1)?
-4
What is the value of (64 - 69) + (0 - 1) + 2?
-4
Calculate -10 + 12 - (-5 + 11).
-4
What is -7 - (-7 - 8) - 1?
7
Calculate -1 + -1 + (4 + 0 - 1).
1
-4 + 9 + 1 + 1 - 2
5
(-2 - 0 - -2) + (3 - 5)
-2
What is 2 - (8 + -6) - 6?
-6
Evaluate -4 + -4 + -1 + 4.
-5
(22 - 25) + (1 - -4) + 1
3
What is the value of (-6 - 8 - -4) + 6 + -5?
-9
-2 + 5 - (11 + -2)
-6
10 - 2 - 5 - 6
-3
Evaluate (1 - 7) + (2 - 0 - 0).
-4
Calculate (2 - 4) + (-10 - -14).
2
(-3 - (14 - 29)) + (-3 - 0)
9
Calculate 0 + 0 + 2 + -8 + 6.
0
0 + 1 - 5 - (-6 - -5)
-3
Evaluate -1 + 11 + -2 - 15.
-7
-6 - (2 + -5) - (1 - 0)
-4
-17 + (5 - 0) + (-7 - -11)
-8
Evaluate 1 - 1 - (11 - 7).
-4
1 + 1 - (8 - 3)
-3
Calculate -12 + 13 + -1 - (12 + -1).
-11
What is the value of 0 - (-7 + (2 - (0 + 0)))?
5
What is the value of (-7 - (1 + -3)) + 3?
-2
What is the value of -6 - (0 - (0 + -1 - -4))?
-3
What is 5 + -5 + 10 - 5 - 1?
4
Calculate 4 + 4 + -19 + 5.
-6
What is 7 + -7 + 4 - (13 - 7)?
-2
Calculate -4 + (1 - (-1 - 2)).
0
Calculate -5 - (-2 - -5 - 10).
2
What is 5 + -1 + (7 - 12) + -1?
-2
Evaluate -5 - -2 - (-1 - 6).
4
What is the value of 9 + (0 - (2 + 3))?
4
Calculate 1 + (0 - 3) - (7 - 4).
-5
Calculate 1 + (-4 - -2) + -4.
-5
What is (-16 - (-13 + -4)) + (-1 - 4)?
-4
What is the value of (-17 - -20) + (4 - 2) + 0?
5
What is the value of (4 - 0) + -1 - 1?
2
Calculate -1 - (-3 + 1) - -1.
2
What is the value of 9 + 0 + (-20 - (-34 - -17))?
6
Calculate 72 + -73 - (-1 + -6 + -2).
8
What is the value of (0 - (9 + -2)) + 1 + 3?
-3
Evaluate -2 - (-5 - (-2 + 3)).
4
Calculate 2 + (-4 - 0) - -6 - -1.
5
What is (-4 - -3) + 1 - (5 - 6)?
1
What is -6 + (1 - (0 + -2))?
-3
Evaluate 7 + -7 + 8 - 11.
-3
What is (0 - ((-2 - 4) + 6)) + 3?
3
What is the value of -5 - -6 - -6 - 5?
2
What is the value of (-61 - -70) + (-13 - -1)?
-3
Evaluate (28 - 35) + (1 - 0) - 3.
-9
What is the value of 5 - (11 - (1 + 4 + -7))?
-8
What is the value of (-2 + 1 - (8 + -1)) + 2?
-6
(5 + 0 - (101 - 85)) + 3
-8
Evaluate -1 + (0 + -3 - (5 + -5)).
-4
Calculate (-4 - (-9 - -4)) + 3 - -3.
7
-1 - 3 - 3 - -2
-5
Calculate -4 + 0 + 0 - (2 + -1).
-5
What is the value of (2 - -4) + (2 - 0 - 3)?
5
What is 56 + -55 + 1 + 0?
2
What is the value of 1 + -5 - (10 - 17)?
3
Calculate -6 - -16 - 0 - 11.
-1
What is (0 + 0 - (-1 + 3)) + 1?
-1
What is the value of 2 + -2 + (0 + 2 - -3)?
5
What is 4 - (3 - 0 - (2 + -3))?
0
What is 11 + (-23 - (-5 - 6))?
-1
What is (2 - -1) + 0 + 2 + 0?
5
What is the value of -13 + (-6 - -12) - (-2 + -2)?
-3
What is 4 + (-1 - (0 - -1))?
2
What is the value of (-5 - 0) + (-50 - -52)?
-3
Calculate 4 + -1 + (-1 - (1 - 6)).
7
What is -4 + (1 + 6 - 5)?
-2
What is the value of -11 + -12 + 37 + -7?
7
What is (-4 + -2 - -5) + 2?
1
What is the value of -4 + 18 + (0 - 9)?
5
9 + (-10 - (6 + -8))
1
-1 + -5 + (4 - -1) + 2
1
Evaluate (-12 - 3) + (23 - 14).
-6
What is 1 - (-1 + 1) - (-25 - -21)?
5
What is -2 - ((-13 - -11) + 4)?
-4
What is -55 - -48 - (-11 - 1)?
5
What is -2 + 0 - -4 - -1 - 8?
-5
-22 + 20 - (-2 + -1)
1
What is the value of 7 + -9 - -6 - (4 - 2)?
2
(-4 - (-4 + 2)) + -1
-3
What is (4 - -1) + -4 + 2 - 5?
-2
What is the value of -5 + (4 - 2) - (-18 + 15)?
0
Calculate -6 + -1 + -5 + 9 + -6.
-9
2 - -5 - 1 - (3 + -1)
4
What is 0 + -3 + (2 - 3)?
-4
Calculate 4 - (2 - (3 + 3)).
8
What is the value of -2 - (7 - (11 - 8))?
-6
Evaluate 4 + (2 - 0 - (5 - 6)).
7
What is (-3 - (2 + -3)) + 0 + 2?
0
What is the value of (2 - (0 - 1) - 0) + 2?
5
What is (9 - (7 + 1)) + (2 - 4)?
-1
Evaluate 1 - (15 - (2 + (-1 - -6))).
-7
Evaluate -2 - (-4 + 1) - 5.
-4
Evaluate 10 + -5 + -13 + 2.
-6
What is the value of 7 + (6 - (6 - -1)) + -2?
4
Evaluate (9 - 2) + 20 + -23.
4
-2 + -1 + -2 + 10 + -4
1
-3 + 1 + (-12 - (10 + -25))
1
Evaluate -2 + 11 - (11 - 6) - 1.
3
What is 5 + (4 - 11 - -1)?
-1
What is (-6 - 0) + 1 + (7 - -7)?
9
What is the value of 0 + (0 + 0 - -4) + -7?
-3
Evaluate (-10 - 0) + 2 + 0.
-8
Calculate 18 - 37 - (-16 - -2).
-5
What is (3 - 5 - 1 - 3) + 3?
-3
Evaluate (-3 - -7 - 3) + 4 - 0.
5
What is (5 - (-2 - -2)) + -4?
1
Evaluate (2 + -6 - 2) + 6.
0
Calculate 6 + (-22 - -12 - -3).
-1
What is the value of -3 + 1 + (-7 - (-10 - 2))?
3
Calculate -1 + -1 + 8 + -6.
0
Calculate 12 + -9 - (3 - 2).
2
What is 3 - (8 + 2 + -7)?
0
What is the value of -2 + (9 - (-1 - -6))?
2
Calculate -4 + (5 - 2) + (-11 - -6).
-6
Evaluate (-19 - -19) + (-2 - (2 - 8)).
4
Calculate (-10 - 2) + 20 + -4.
4
What is 4 + -1 + 11 + -24?
-10
Evaluate (14 - (2 + 5)) + 0.
7
What is the value of -6 + (5 - (-3 - -5))?
-3
Evaluate -3 + 2 - 2 - 3 - -1.
-5
Evaluate -1 + -2 + (-90 - -90).
-3
Evaluate 0 + (-7 + 4 - 2).
-5
What is 1 + (-10 - -9) - 2?
-2
What is the value of -71 + 76 + (-8 - 1)?
-4
What is the value of 7 + 8 + -13 + 1?
3
Evaluate 14 + (0 - 6 - 8).
0
Evaluate -3 + 13 + -10 - (0 + 1).
-1
What is the value of (-2 - -8 - 6) + 9 - 0?
9
Calculate -13 + (-5 - 2 - (24 + -39)).
-5
Evaluate -3 + 7 - (2 - 0).
2
What is the value of 2 + (-3 - (11 + -10))?
-2
Evaluate -1 + 2 + 4 - (-12 - -10).
7
Calculate (-1 - 0) + 3 + -7.
-5
0 - -1 - (-5 + 6 + 4)
-4
Evaluate 4 - (-1 - ((-3 - -6) + -13)).
-5
6 + -11 + -3 + 6
-2
Evaluate 5 + (-9 + 7 - 1).
2
0 - 5 - (-4 - -2 - 6)
3
What is the value of -3 + (-4 - -8) + -2?
-1
What is -1 + (3 + -2 - (0 - -1))?
-1
What is the value of ((-5 - 0) + 2 - -3) + -1?
-1
What is -2 + 1 + (16 - 10)?
5
Calculate -14 + 2 + (7 + 2 - 8).
-11
What is (-4 - (-1 + -7)) + -4 + -5?
-5
Calculate 1 - 2 - (10 - 13).
2
Calculate (3 - 15) + 6 + 6.
0
What is 3 + -4 + -5 + 1?
-5
What is (4 - 11) + 3 + -3?
-7
What is the value of 3 - (10 + (3 - 3))?
-7
What is -8 - (-39 - -35 - (-1 - -1))?
-4
What is -2 - (-3 + -3 + -1)?
5
-1 - (0 - (-8 - -5))
-4
Calculate -9 + 0 + 0 + 14.
5
Calculate -21 + 20 + (-3 - -2).
-2
What is the value of -1 + 2 + 0 - -3?
4
Evaluate 4 + (-1 - (-2 + 8 + -5)).
2
Calculate 11 + -7 + -7 - -9.
6
-10 + (-6 - -14) + -2
-4
Calculate 4 + (-6 - -2) - 4.
-4
Evaluate (-5 - (-1 + -2)) + (-1 - 1).
-4
-3 - -1 - (-3 - (7 + -10))
-2
-4 - ((2 - 18) + 5) - 10
-3
0 - (2 - (-8 + 5))
-5
What is the value of (-3 + 2 - -3) + (-4 - -1)?
-1
Calculate 2 + (1 - 9) + 3.
-3
Evaluate -4 + (-8 + 3 - (1 - 11)).
1
What is (-8 - -16) + -14 - (-11 - 1)?
6
3 - -2 - 0 - 5
0
Evaluate -9 - 1 - (-13 - -4).
-1
Evaluate 4 - 7 - 1 - -2.
-2
What is -2 - 0 - (-60 - -58)?
0
Calculate -1 + (0 - -2 - 1).
0
(3 - 10) + 8 + 5 - 8
-2
What is the value of 1 - (3 + (-3 - -2)) - 3?
-4
Evaluate 2 + 2 + (5 + -3 - 3).
3
Calculate 0 + -2 - (0 + -6 + 1).
3
Evaluate -12 + 4 - (-2 + -1) - -1.
-4
What is the value of 7 + (0 - (-5 + 1))?
11
What is 12 + -14 + (1 + 3 - 0)?
2
2 - 0 - (0 - (2 - 4))
0
What is the value of -2 + (4 - 0) + -2 + 5?
5
What is the value of (4 - (1 + -1)) + (5 - 14)?
-5
What is 11 - 2 - (-5 - -10 - 0)?
4
-4 - (0 + -1 + 0)
-3
Calculate -5 - (42 - 48 - (2 + -6)).
-3
What is the value of -18 + 1 + -10 + 16?
